{"id":30,"date":"2011-11-13T17:11:02","date_gmt":"2011-11-13T15:11:02","guid":{"rendered":"http:\/\/www.mbtasarim.com\/koydernek\/v3\/?page_id=30"},"modified":"2011-11-15T19:44:13","modified_gmt":"2011-11-15T17:44:13","slug":"koyumuz","status":"publish","type":"page","link":"https:\/\/www.mbtasarim.com\/koydernek\/v3\/koyumuz","title":{"rendered":"K\u00d6Y\u00dcM\u00dcZ"},"content":{"rendered":"<p>K\u00f6y\u00fcm\u00fcz<\/p>\n","protected":false},"excerpt":{"rendered":"<p>K\u00f6y\u00fcm\u00fcz<\/p>\n","protected":false},"author":1,"featured_media":0,"parent":0,"menu_order":0,"comment_status":"open","ping_status":"closed","template":"","meta":[],"_links":{"self":[{"href":"https:\/\/www.mbtasarim.com\/koydernek\/v3\/wp-json\/wp\/v2\/pages\/30"}],"collection":[{"href":"https:\/\/www.mbtasarim.com\/koydernek\/v3\/wp-json\/wp\/v2\/pages"}],"about":[{"href":"https:\/\/www.mbtasarim.com\/koydernek\/v3\/wp-json\/wp\/v2\/types\/page"}],"author":[{"embeddable":true,"href":"https:\/\/www.mbtasarim.com\/koydernek\/v3\/wp-json\/wp\/v2\/users\/1"}],"replies":[{"embeddable":true,"href":"https:\/\/www.mbtasarim.com\/koydernek\/v3\/wp-json\/wp\/v2\/comments?post=30"}],"version-history":[{"count":2,"href":"https:\/\/www.mbtasarim.com\/koydernek\/v3\/wp-json\/wp\/v2\/pages\/30\/revisions"}],"predecessor-version":[{"id":138,"href":"https:\/\/www.mbtasarim.com\/koydernek\/v3\/wp-json\/wp\/v2\/pages\/30\/revisions\/138"}],"wp:attachment":[{"href":"https:\/\/www.mbtasarim.com\/koydernek\/v3\/wp-json\/wp\/v2\/media?parent=30"}],"curies":[{"name":"wp","href":"https:\/\/api.w.org\/{rel}","templated":true}]}}