{"id":20,"date":"2011-11-13T17:07:12","date_gmt":"2011-11-13T15:07:12","guid":{"rendered":"http:\/\/www.mbtasarim.com\/koydernek\/v3\/?page_id=20"},"modified":"2011-11-15T19:44:42","modified_gmt":"2011-11-15T17:44:42","slug":"dernegimiz","status":"publish","type":"page","link":"https:\/\/www.mbtasarim.com\/koydernek\/v3\/dernegimiz","title":{"rendered":"DERNE\u011e\u0130M\u0130Z"},"content":{"rendered":"<p>Derne\u011fimiz<\/p>\n","protected":false},"excerpt":{"rendered":"<p>Derne\u011fimiz<\/p>\n","protected":false},"author":1,"featured_media":0,"parent":0,"menu_order":0,"comment_status":"open","ping_status":"closed","template":"","meta":[],"_links":{"self":[{"href":"https:\/\/www.mbtasarim.com\/koydernek\/v3\/wp-json\/wp\/v2\/pages\/20"}],"collection":[{"href":"https:\/\/www.mbtasarim.com\/koydernek\/v3\/wp-json\/wp\/v2\/pages"}],"about":[{"href":"https:\/\/www.mbtasarim.com\/koydernek\/v3\/wp-json\/wp\/v2\/types\/page"}],"author":[{"embeddable":true,"href":"https:\/\/www.mbtasarim.com\/koydernek\/v3\/wp-json\/wp\/v2\/users\/1"}],"replies":[{"embeddable":true,"href":"https:\/\/www.mbtasarim.com\/koydernek\/v3\/wp-json\/wp\/v2\/comments?post=20"}],"version-history":[{"count":2,"href":"https:\/\/www.mbtasarim.com\/koydernek\/v3\/wp-json\/wp\/v2\/pages\/20\/revisions"}],"predecessor-version":[{"id":141,"href":"https:\/\/www.mbtasarim.com\/koydernek\/v3\/wp-json\/wp\/v2\/pages\/20\/revisions\/141"}],"wp:attachment":[{"href":"https:\/\/www.mbtasarim.com\/koydernek\/v3\/wp-json\/wp\/v2\/media?parent=20"}],"curies":[{"name":"wp","href":"https:\/\/api.w.org\/{rel}","templated":true}]}}